{"id":353,"date":"2017-05-09T08:28:54","date_gmt":"2017-05-09T08:28:54","guid":{"rendered":"http:\/\/conditorei-museum.de\/?page_id=353"},"modified":"2020-11-27T07:59:54","modified_gmt":"2020-11-27T07:59:54","slug":"das-poganietz-haus","status":"publish","type":"page","link":"https:\/\/conditorei-museum.de\/index.php\/das-poganietz-haus\/","title":{"rendered":"Das Poganietz-Haus"},"content":{"rendered":"<div id=\"pl-353\"  class=\"panel-layout\" ><div id=\"pg-353-0\"  class=\"panel-grid panel-no-style\" ><div id=\"pgc-353-0-0\"  class=\"panel-grid-cell\" ><div id=\"panel-353-0-0-0\" class=\"so-panel widget widget_sow-editor panel-first-child panel-last-child\" data-index=\"0\" ><div class=\"panel-widget-style panel-widget-style-for-353-0-0-0\" ><div class=\"so-widget-sow-editor so-widget-sow-editor-base\"><h3 class=\"widget-title\">Das Poganietz-Haus<\/h3>\n<div class=\"siteorigin-widget-tinymce textwidget\">\n\t<p class=\"widget-title\">Unter den sch\u00f6nen B\u00fcrgerh\u00e4usern am Kitzinger Marktplatz sticht die frisch renovierte Fachwerkfassade des \u201ePoganietz-Hauses\u201c hervor. Das pr\u00e4chtige Zierfachwerk mit den geschwungenen Andreaskreuzen, dem Schnitzwerk an Au\u00dfenst\u00e4nder und Mittelpfosten entspricht in vorbildlicher Weise dem Stil der Renaissance und ist ein Meisterwerk fr\u00e4nkischer Fachwerkkunst. Es wurde <strong>1556 <\/strong>von dem Ratsherrn Christoff Hagen erbaut und geh\u00f6rt zu den \u00e4ltesten B\u00fcrgerh\u00e4usern von Kitzingen. Das Geb\u00e4ude besteht seit seiner Erbauung aus zwei eigenst\u00e4ndigen H\u00e4usern \u201e<em>so in einem Dach liegen\u201c.<\/em><\/p>\n<p>Die \u201eS\u00fc\u00dfe Kunst\u201c hat in diesem Haus eine lange Tradition. Sie beginnt schon im Jahre 1722, als Kilian Weisbeckh dort eine \u201e<em>Lebkuchen-Bacherey<\/em>\u201c und \u201e<em>Specerey<\/em>-<em>Handlung<\/em>\u201c er\u00f6ffnete, die viele Jahrzehnte bestand. 1833 kaufte dann der Konditor Philipp Josef Gro\u00df, Sohn eines Kitzinger Lebk\u00fcchners, das Haus um 1.800 Gulden. Dem damaligen Trend der Zeit folgend, ersetzte er die ehemalige Honigb\u00e4ckerei durch eine Zuckerb\u00e4ckerei bzw. Konditorei. Der Betrieb existierte unter wechselnden Eigent\u00fcmern ohne Unterbrechung bis 1937. Der letzte Konditor war Michael Schmitt, der die traditionsreiche Konditorei mangels geeignetem Nachfolger 1937 schlie\u00dfen musste. Das Haus ist seit 1892 im Besitz der Familie Schmitt-Poganietz.<\/p>\n<\/div>\n<\/div><\/div><\/div><\/div><div id=\"pgc-353-0-1\"  class=\"panel-grid-cell\" ><div id=\"panel-353-0-1-0\" class=\"so-panel widget widget_sow-image panel-first-child\" data-index=\"1\" ><div class=\"so-widget-sow-image so-widget-sow-image-default-d6014b76747a\">\n\n<div class=\"sow-image-container\">\n\t<img src=\"https:\/\/conditorei-museum.de\/wp-content\/uploads\/2017\/07\/DSC_1747b_1000px.jpg\" width=\"1000\" height=\"1544\" srcset=\"https:\/\/conditorei-museum.de\/wp-content\/uploads\/2017\/07\/DSC_1747b_1000px.jpg 1000w, https:\/\/conditorei-museum.de\/wp-content\/uploads\/2017\/07\/DSC_1747b_1000px-194x300.jpg 194w, https:\/\/conditorei-museum.de\/wp-content\/uploads\/2017\/07\/DSC_1747b_1000px-768x1186.jpg 768w, https:\/\/conditorei-museum.de\/wp-content\/uploads\/2017\/07\/DSC_1747b_1000px-663x1024.jpg 663w\" sizes=\"(max-width: 1000px) 100vw, 1000px\" title=\"Foto: Gunter Kittel (Kitzingen)\" alt=\"\" \t\tclass=\"so-widget-image\"\/>\n<\/div>\n\n<\/div><\/div><div id=\"panel-353-0-1-1\" class=\"so-panel widget widget_sow-image panel-last-child\" data-index=\"2\" ><div class=\"so-widget-sow-image so-widget-sow-image-default-d6014b76747a\">\n\n<div class=\"sow-image-container\">\n\t<img src=\"https:\/\/conditorei-museum.de\/wp-content\/uploads\/2017\/07\/PICT1219-2.jpg\" width=\"913\" height=\"633\" srcset=\"https:\/\/conditorei-museum.de\/wp-content\/uploads\/2017\/07\/PICT1219-2.jpg 913w, https:\/\/conditorei-museum.de\/wp-content\/uploads\/2017\/07\/PICT1219-2-300x208.jpg 300w, https:\/\/conditorei-museum.de\/wp-content\/uploads\/2017\/07\/PICT1219-2-768x532.jpg 768w\" sizes=\"(max-width: 913px) 100vw, 913px\" title=\"Foto: Gunter Kittel (Kitzingen)\" alt=\"\" \t\tclass=\"so-widget-image\"\/>\n<\/div>\n\n<\/div><\/div><\/div><\/div><\/div>","protected":false},"excerpt":{"rendered":"<p>Unter den sch\u00f6nen B\u00fcrgerh\u00e4usern am Kitzinger Marktplatz sticht die frisch renovierte Fachwerkfassade des \u201ePoganietz-Hauses\u201c hervor. Das pr\u00e4chtige Zierfachwerk mit den geschwungenen Andreaskreuzen, dem Schnitzwerk an Au\u00dfenst\u00e4nder und Mittelpfosten entspricht in vorbildlicher Weise dem Stil der Renaissance und ist ein Meisterwerk fr\u00e4nkischer Fachwerkkunst. Es wurde 1556 von dem Ratsherrn Christoff Hagen erbaut und geh\u00f6rt zu den \u00e4ltesten B\u00fcrgerh\u00e4usern von Kitzingen. Das Geb\u00e4ude besteht seit seiner Erbauung aus zwei eigenst\u00e4ndigen H\u00e4usern \u201eso in einem Dach liegen\u201c. Die \u201eS\u00fc\u00dfe Kunst\u201c hat in diesem Haus eine lange Tradition. Sie beginnt schon im Jahre 1722, als Kilian Weisbeckh dort eine \u201eLebkuchen-Bacherey\u201c und \u201eSpecerey-Handlung\u201c er\u00f6ffnete, die<\/p>\n","protected":false},"author":3,"featured_media":0,"parent":0,"menu_order":0,"comment_status":"closed","ping_status":"closed","template":"page-templates\/template-full-width.php","meta":[],"_links":{"self":[{"href":"https:\/\/conditorei-museum.de\/index.php\/wp-json\/wp\/v2\/pages\/353"}],"collection":[{"href":"https:\/\/conditorei-museum.de\/index.php\/wp-json\/wp\/v2\/pages"}],"about":[{"href":"https:\/\/conditorei-museum.de\/index.php\/wp-json\/wp\/v2\/types\/page"}],"author":[{"embeddable":true,"href":"https:\/\/conditorei-museum.de\/index.php\/wp-json\/wp\/v2\/users\/3"}],"replies":[{"embeddable":true,"href":"https:\/\/conditorei-museum.de\/index.php\/wp-json\/wp\/v2\/comments?post=353"}],"version-history":[{"count":23,"href":"https:\/\/conditorei-museum.de\/index.php\/wp-json\/wp\/v2\/pages\/353\/revisions"}],"predecessor-version":[{"id":963,"href":"https:\/\/conditorei-museum.de\/index.php\/wp-json\/wp\/v2\/pages\/353\/revisions\/963"}],"wp:attachment":[{"href":"https:\/\/conditorei-museum.de\/index.php\/wp-json\/wp\/v2\/media?parent=353"}],"curies":[{"name":"wp","href":"https:\/\/api.w.org\/{rel}","templated":true}]}}

<div id="pl-353"  class="panel-layout" ><div id="pg-353-0"  class="panel-grid panel-no-style" ><div id="pgc-353-0-0"  class="panel-grid-cell" ><div id="panel-353-0-0-0" class="so-panel widget widget_sow-editor panel-first-child panel-last-child" data-index="0" ><div class="panel-widget-style panel-widget-style-for-353-0-0-0" ><div class="so-widget-sow-editor so-widget-sow-editor-base"><h3 class="widget-title">Das Poganietz-Haus</h3>
<div class="siteorigin-widget-tinymce textwidget">
	<p class="widget-title">Unter den schönen Bürgerhäusern am Kitzinger Marktplatz sticht die frisch renovierte Fachwerkfassade des „Poganietz-Hauses“ hervor. Das prächtige Zierfachwerk mit den geschwungenen Andreaskreuzen, dem Schnitzwerk an Außenständer und Mittelpfosten entspricht in vorbildlicher Weise dem Stil der Renaissance und ist ein Meisterwerk fränkischer Fachwerkkunst. Es wurde <strong>1556 </strong>von dem Ratsherrn Christoff Hagen erbaut und gehört zu den ältesten Bürgerhäusern von Kitzingen. Das Gebäude besteht seit seiner Erbauung aus zwei eigenständigen Häusern „<em>so in einem Dach liegen“.</em></p>
<p>Die „Süße Kunst“ hat in diesem Haus eine lange Tradition. Sie beginnt schon im Jahre 1722, als Kilian Weisbeckh dort eine „<em>Lebkuchen-Bacherey</em>“ und „<em>Specerey</em>-<em>Handlung</em>“ eröffnete, die viele Jahrzehnte bestand. 1833 kaufte dann der Konditor Philipp Josef Groß, Sohn eines Kitzinger Lebküchners, das Haus um 1.800 Gulden. Dem damaligen Trend der Zeit folgend, ersetzte er die ehemalige Honigbäckerei durch eine Zuckerbäckerei bzw. Konditorei. Der Betrieb existierte unter wechselnden Eigentümern ohne Unterbrechung bis 1937. Der letzte Konditor war Michael Schmitt, der die traditionsreiche Konditorei mangels geeignetem Nachfolger 1937 schließen musste. Das Haus ist seit 1892 im Besitz der Familie Schmitt-Poganietz.</p>
</div>
</div></div></div></div><div id="pgc-353-0-1"  class="panel-grid-cell" ><div id="panel-353-0-1-0" class="so-panel widget widget_sow-image panel-first-child" data-index="1" ><div class="so-widget-sow-image so-widget-sow-image-default-d6014b76747a">

<div class="sow-image-container">
	<img src="https://conditorei-museum.de/wp-content/uploads/2017/07/DSC_1747b_1000px.jpg" width="1000" height="1544" srcset="https://conditorei-museum.de/wp-content/uploads/2017/07/DSC_1747b_1000px.jpg 1000w, https://conditorei-museum.de/wp-content/uploads/2017/07/DSC_1747b_1000px-194x300.jpg 194w, https://conditorei-museum.de/wp-content/uploads/2017/07/DSC_1747b_1000px-768x1186.jpg 768w, https://conditorei-museum.de/wp-content/uploads/2017/07/DSC_1747b_1000px-663x1024.jpg 663w" sizes="(max-width: 1000px) 100vw, 1000px" title="Foto: Gunter Kittel (Kitzingen)" alt="" 		class="so-widget-image"/>
</div>

</div></div><div id="panel-353-0-1-1" class="so-panel widget widget_sow-image panel-last-child" data-index="2" ><div class="so-widget-sow-image so-widget-sow-image-default-d6014b76747a">

<div class="sow-image-container">
	<img src="https://conditorei-museum.de/wp-content/uploads/2017/07/PICT1219-2.jpg" width="913" height="633" srcset="https://conditorei-museum.de/wp-content/uploads/2017/07/PICT1219-2.jpg 913w, https://conditorei-museum.de/wp-content/uploads/2017/07/PICT1219-2-300x208.jpg 300w, https://conditorei-museum.de/wp-content/uploads/2017/07/PICT1219-2-768x532.jpg 768w" sizes="(max-width: 913px) 100vw, 913px" title="Foto: Gunter Kittel (Kitzingen)" alt="" 		class="so-widget-image"/>
</div>

</div></div></div></div></div>

<p>Unter den schönen Bürgerhäusern am Kitzinger Marktplatz sticht die frisch renovierte Fachwerkfassade des „Poganietz-Hauses“ hervor. Das prächtige Zierfachwerk mit den geschwungenen Andreaskreuzen, dem Schnitzwerk an Außenständer und Mittelpfosten entspricht in vorbildlicher Weise dem Stil der Renaissance und ist ein Meisterwerk fränkischer Fachwerkkunst. Es wurde 1556 von dem Ratsherrn Christoff Hagen erbaut und gehört zu den ältesten Bürgerhäusern von Kitzingen. Das Gebäude besteht seit seiner Erbauung aus zwei eigenständigen Häusern „so in einem Dach liegen“. Die „Süße Kunst“ hat in diesem Haus eine lange Tradition. Sie beginnt schon im Jahre 1722, als Kilian Weisbeckh dort eine „Lebkuchen-Bacherey“ und „Specerey-Handlung“ eröffnete, die</p>
