{"id":356,"date":"2017-05-09T08:28:54","date_gmt":"2017-05-09T08:28:54","guid":{"rendered":"http:\/\/conditorei-museum.de\/?page_id=356"},"modified":"2020-11-27T08:00:13","modified_gmt":"2020-11-27T08:00:13","slug":"die-sammlung","status":"publish","type":"page","link":"https:\/\/conditorei-museum.de\/index.php\/die-sammlung\/","title":{"rendered":"Die Sammlung"},"content":{"rendered":"<div id=\"pl-356\"  class=\"panel-layout\" ><div id=\"pg-356-0\"  class=\"panel-grid panel-no-style\" ><div id=\"pgc-356-0-0\"  class=\"panel-grid-cell\" ><div id=\"panel-356-0-0-0\" class=\"so-panel widget widget_sow-editor panel-first-child panel-last-child\" data-index=\"0\" ><div class=\"panel-widget-style panel-widget-style-for-356-0-0-0\" ><div class=\"so-widget-sow-editor so-widget-sow-editor-base\"><h3 class=\"widget-title\">Die Sammlung<\/h3>\n<div class=\"siteorigin-widget-tinymce textwidget\">\n\t<p>Es ist ein seltener Gl\u00fccksfall, dass sich von den alten Lebk\u00fcchnern und Konditoren im Haus fast das gesamte Inventar und umfangreiches schriftliches Material, haupts\u00e4chlich aus dem 19. und beginnenden 20. Jahrhundert, bis in unsere Tage erhalten haben. Auf dem Dachboden, in alten Kisten sorgf\u00e4ltig verpackt, blieb der Bestand unber\u00fchrt, bis er Anfang der 1980er Jahre von der Volkskundlichen Abteilung der Universit\u00e4t W\u00fcrzburg unter der Leitung von Professor Dr. Wolfgang Br\u00fcckner wiederentdeckt, wissenschaftlich erfasst und inventarisiert wurde. Bemerkenswert ist dabei ein gro\u00dfer Bestand wertvoller Holzmodel f\u00fcr die Herstellung von Bildgeb\u00e4cken, der zum gro\u00dfen Teil noch aus dem 18. Jahrhundert stammt. Der Dachbodenfund fand damals \u00fcberregional gro\u00dfe Beachtung. Er wurde von Museen sowie auf Tagungen und Fachmessen des Deutschen Konditorenbundes im Rahmen von Sonderausstellungen u.a. in M\u00fcnster \/ Westfalen und Hamburg (Hamburg Messe) \u00f6ffentlich zur Schau gestellt.<\/p>\n<p>Die umfangreichen Hinterlassenschaften der alten Lebk\u00fcchnerei \/ Konditorei waren der Grundstock f\u00fcr das im Jahre 1996 er\u00f6ffnete Conditorei-Museum. Hierf\u00fcr wurden die ehemaligen Wohnr\u00e4ume im zweiten und dritten Oberschoss der linken Geb\u00e4udeh\u00e4lfte aufw\u00e4ndig restauriert, Holz- und Stuckdecken freigelegt. Die vielen St\u00fcbchen, engen Treppen und gro\u00dfen Vorpl\u00e4tze, sowie sch\u00f6ne Holzb\u00f6den bilden heute den einzigartigen Rahmen f\u00fcr ein Museum der ganz besonderen Art.<\/p>\n<p>In den letzten Jahrzehnten gelang der Zuerwerb von weiteren bedeutenden Sammlungen und Best\u00e4nden aus ganz Deutschland. In Kitzingen ist davon nur ein Teil ausgestellt.<\/p>\n<\/div>\n<\/div><\/div><\/div><\/div><div id=\"pgc-356-0-1\"  class=\"panel-grid-cell\" ><div id=\"panel-356-0-1-0\" class=\"so-panel widget widget_sow-image panel-first-child\" data-index=\"1\" ><div class=\"so-widget-sow-image so-widget-sow-image-default-d6014b76747a\">\n\n<div class=\"sow-image-container\">\n\t<img src=\"https:\/\/conditorei-museum.de\/wp-content\/uploads\/2017\/05\/PICT1275-1.jpg\" width=\"1600\" height=\"1200\" srcset=\"https:\/\/conditorei-museum.de\/wp-content\/uploads\/2017\/05\/PICT1275-1.jpg 1600w, https:\/\/conditorei-museum.de\/wp-content\/uploads\/2017\/05\/PICT1275-1-300x225.jpg 300w, https:\/\/conditorei-museum.de\/wp-content\/uploads\/2017\/05\/PICT1275-1-768x576.jpg 768w, https:\/\/conditorei-museum.de\/wp-content\/uploads\/2017\/05\/PICT1275-1-1024x768.jpg 1024w\" sizes=\"(max-width: 1600px) 100vw, 1600px\" title=\"Foto: Gunter Kittel (Kitzingen)\" alt=\"\" \t\tclass=\"so-widget-image\"\/>\n<\/div>\n\n<\/div><\/div><div id=\"panel-356-0-1-1\" class=\"so-panel widget widget_sow-image\" data-index=\"2\" ><div class=\"so-widget-sow-image so-widget-sow-image-default-d6014b76747a\">\n\n<div class=\"sow-image-container\">\n\t<img src=\"https:\/\/conditorei-museum.de\/wp-content\/uploads\/2017\/05\/hfh-hth-h-s-h-e1507051813379.jpg\" width=\"1000\" height=\"750\" sizes=\"(max-width: 1000px) 100vw, 1000px\" title=\"Foto: Gunter Kittel (Kitzingen)\" alt=\"\" \t\tclass=\"so-widget-image\"\/>\n<\/div>\n\n<\/div><\/div><div id=\"panel-356-0-1-2\" class=\"so-panel widget widget_sow-image panel-last-child\" data-index=\"3\" ><div class=\"so-widget-sow-image so-widget-sow-image-default-d6014b76747a\">\n\n<div class=\"sow-image-container\">\n\t<img src=\"https:\/\/conditorei-museum.de\/wp-content\/uploads\/2017\/05\/B.01.239.jpg\" width=\"1832\" height=\"1323\" srcset=\"https:\/\/conditorei-museum.de\/wp-content\/uploads\/2017\/05\/B.01.239.jpg 1832w, https:\/\/conditorei-museum.de\/wp-content\/uploads\/2017\/05\/B.01.239-300x217.jpg 300w, https:\/\/conditorei-museum.de\/wp-content\/uploads\/2017\/05\/B.01.239-768x555.jpg 768w, https:\/\/conditorei-museum.de\/wp-content\/uploads\/2017\/05\/B.01.239-1024x739.jpg 1024w\" sizes=\"(max-width: 1832px) 100vw, 1832px\" title=\"Foto: Gunter Kittel (Kitzingen)\" alt=\"\" \t\tclass=\"so-widget-image\"\/>\n<\/div>\n\n<\/div><\/div><\/div><\/div><\/div>","protected":false},"excerpt":{"rendered":"<p>Es ist ein seltener Gl\u00fccksfall, dass sich von den alten Lebk\u00fcchnern und Konditoren im Haus fast das gesamte Inventar und umfangreiches schriftliches Material, haupts\u00e4chlich aus dem 19. und beginnenden 20. Jahrhundert, bis in unsere Tage erhalten haben. Auf dem Dachboden, in alten Kisten sorgf\u00e4ltig verpackt, blieb der Bestand unber\u00fchrt, bis er Anfang der 1980er Jahre von der Volkskundlichen Abteilung der Universit\u00e4t W\u00fcrzburg unter der Leitung von Professor Dr. Wolfgang Br\u00fcckner wiederentdeckt, wissenschaftlich erfasst und inventarisiert wurde. Bemerkenswert ist dabei ein gro\u00dfer Bestand wertvoller Holzmodel f\u00fcr die Herstellung von Bildgeb\u00e4cken, der zum gro\u00dfen Teil noch aus dem 18. Jahrhundert stammt. Der<\/p>\n","protected":false},"author":3,"featured_media":0,"parent":0,"menu_order":0,"comment_status":"closed","ping_status":"closed","template":"page-templates\/template-full-width.php","meta":[],"_links":{"self":[{"href":"https:\/\/conditorei-museum.de\/index.php\/wp-json\/wp\/v2\/pages\/356"}],"collection":[{"href":"https:\/\/conditorei-museum.de\/index.php\/wp-json\/wp\/v2\/pages"}],"about":[{"href":"https:\/\/conditorei-museum.de\/index.php\/wp-json\/wp\/v2\/types\/page"}],"author":[{"embeddable":true,"href":"https:\/\/conditorei-museum.de\/index.php\/wp-json\/wp\/v2\/users\/3"}],"replies":[{"embeddable":true,"href":"https:\/\/conditorei-museum.de\/index.php\/wp-json\/wp\/v2\/comments?post=356"}],"version-history":[{"count":16,"href":"https:\/\/conditorei-museum.de\/index.php\/wp-json\/wp\/v2\/pages\/356\/revisions"}],"predecessor-version":[{"id":965,"href":"https:\/\/conditorei-museum.de\/index.php\/wp-json\/wp\/v2\/pages\/356\/revisions\/965"}],"wp:attachment":[{"href":"https:\/\/conditorei-museum.de\/index.php\/wp-json\/wp\/v2\/media?parent=356"}],"curies":[{"name":"wp","href":"https:\/\/api.w.org\/{rel}","templated":true}]}}

<div id="pl-356"  class="panel-layout" ><div id="pg-356-0"  class="panel-grid panel-no-style" ><div id="pgc-356-0-0"  class="panel-grid-cell" ><div id="panel-356-0-0-0" class="so-panel widget widget_sow-editor panel-first-child panel-last-child" data-index="0" ><div class="panel-widget-style panel-widget-style-for-356-0-0-0" ><div class="so-widget-sow-editor so-widget-sow-editor-base"><h3 class="widget-title">Die Sammlung</h3>
<div class="siteorigin-widget-tinymce textwidget">
	<p>Es ist ein seltener Glücksfall, dass sich von den alten Lebküchnern und Konditoren im Haus fast das gesamte Inventar und umfangreiches schriftliches Material, hauptsächlich aus dem 19. und beginnenden 20. Jahrhundert, bis in unsere Tage erhalten haben. Auf dem Dachboden, in alten Kisten sorgfältig verpackt, blieb der Bestand unberührt, bis er Anfang der 1980er Jahre von der Volkskundlichen Abteilung der Universität Würzburg unter der Leitung von Professor Dr. Wolfgang Brückner wiederentdeckt, wissenschaftlich erfasst und inventarisiert wurde. Bemerkenswert ist dabei ein großer Bestand wertvoller Holzmodel für die Herstellung von Bildgebäcken, der zum großen Teil noch aus dem 18. Jahrhundert stammt. Der Dachbodenfund fand damals überregional große Beachtung. Er wurde von Museen sowie auf Tagungen und Fachmessen des Deutschen Konditorenbundes im Rahmen von Sonderausstellungen u.a. in Münster / Westfalen und Hamburg (Hamburg Messe) öffentlich zur Schau gestellt.</p>
<p>Die umfangreichen Hinterlassenschaften der alten Lebküchnerei / Konditorei waren der Grundstock für das im Jahre 1996 eröffnete Conditorei-Museum. Hierfür wurden die ehemaligen Wohnräume im zweiten und dritten Oberschoss der linken Gebäudehälfte aufwändig restauriert, Holz- und Stuckdecken freigelegt. Die vielen Stübchen, engen Treppen und großen Vorplätze, sowie schöne Holzböden bilden heute den einzigartigen Rahmen für ein Museum der ganz besonderen Art.</p>
<p>In den letzten Jahrzehnten gelang der Zuerwerb von weiteren bedeutenden Sammlungen und Beständen aus ganz Deutschland. In Kitzingen ist davon nur ein Teil ausgestellt.</p>
</div>
</div></div></div></div><div id="pgc-356-0-1"  class="panel-grid-cell" ><div id="panel-356-0-1-0" class="so-panel widget widget_sow-image panel-first-child" data-index="1" ><div class="so-widget-sow-image so-widget-sow-image-default-d6014b76747a">

<div class="sow-image-container">
	<img src="https://conditorei-museum.de/wp-content/uploads/2017/05/PICT1275-1.jpg" width="1600" height="1200" srcset="https://conditorei-museum.de/wp-content/uploads/2017/05/PICT1275-1.jpg 1600w, https://conditorei-museum.de/wp-content/uploads/2017/05/PICT1275-1-300x225.jpg 300w, https://conditorei-museum.de/wp-content/uploads/2017/05/PICT1275-1-768x576.jpg 768w, https://conditorei-museum.de/wp-content/uploads/2017/05/PICT1275-1-1024x768.jpg 1024w" sizes="(max-width: 1600px) 100vw, 1600px" title="Foto: Gunter Kittel (Kitzingen)" alt="" 		class="so-widget-image"/>
</div>

</div></div><div id="panel-356-0-1-1" class="so-panel widget widget_sow-image" data-index="2" ><div class="so-widget-sow-image so-widget-sow-image-default-d6014b76747a">

<div class="sow-image-container">
	<img src="https://conditorei-museum.de/wp-content/uploads/2017/05/hfh-hth-h-s-h-e1507051813379.jpg" width="1000" height="750" sizes="(max-width: 1000px) 100vw, 1000px" title="Foto: Gunter Kittel (Kitzingen)" alt="" 		class="so-widget-image"/>
</div>

</div></div><div id="panel-356-0-1-2" class="so-panel widget widget_sow-image panel-last-child" data-index="3" ><div class="so-widget-sow-image so-widget-sow-image-default-d6014b76747a">

<div class="sow-image-container">
	<img src="https://conditorei-museum.de/wp-content/uploads/2017/05/B.01.239.jpg" width="1832" height="1323" srcset="https://conditorei-museum.de/wp-content/uploads/2017/05/B.01.239.jpg 1832w, https://conditorei-museum.de/wp-content/uploads/2017/05/B.01.239-300x217.jpg 300w, https://conditorei-museum.de/wp-content/uploads/2017/05/B.01.239-768x555.jpg 768w, https://conditorei-museum.de/wp-content/uploads/2017/05/B.01.239-1024x739.jpg 1024w" sizes="(max-width: 1832px) 100vw, 1832px" title="Foto: Gunter Kittel (Kitzingen)" alt="" 		class="so-widget-image"/>
</div>

</div></div></div></div></div>

<p>Es ist ein seltener Glücksfall, dass sich von den alten Lebküchnern und Konditoren im Haus fast das gesamte Inventar und umfangreiches schriftliches Material, hauptsächlich aus dem 19. und beginnenden 20. Jahrhundert, bis in unsere Tage erhalten haben. Auf dem Dachboden, in alten Kisten sorgfältig verpackt, blieb der Bestand unberührt, bis er Anfang der 1980er Jahre von der Volkskundlichen Abteilung der Universität Würzburg unter der Leitung von Professor Dr. Wolfgang Brückner wiederentdeckt, wissenschaftlich erfasst und inventarisiert wurde. Bemerkenswert ist dabei ein großer Bestand wertvoller Holzmodel für die Herstellung von Bildgebäcken, der zum großen Teil noch aus dem 18. Jahrhundert stammt. Der</p>
